{"id":69,"date":"2014-10-23T09:15:25","date_gmt":"2014-10-23T09:15:25","guid":{"rendered":"https:\/\/xml-io.proteusthemes.com\/buildpress\/?page_id=69"},"modified":"2022-05-03T22:37:44","modified_gmt":"2022-05-03T22:37:44","slug":"actualizacion-planos","status":"publish","type":"page","link":"https:\/\/topografiamx.com\/index.php\/nuestros-servicios\/actualizacion-planos\/","title":{"rendered":"Actualizaci\u00f3n de Planos"},"content":{"rendered":"<div id=\"pl-69\"  class=\"panel-layout\" ><div id=\"pg-69-0\"  class=\"panel-grid panel-no-style\" ><div id=\"pgc-69-0-0\"  class=\"panel-grid-cell\" ><div id=\"panel-69-0-0-0\" class=\"so-panel widget widget_text panel-first-child\" data-index=\"0\" ><h3 class=\"widget-title\">Planos arquitect\u00f3nicos<\/h3>\t\t\t<div class=\"textwidget\"><p>Se pueden representar planos arquitect\u00f3nicos en un formato en 3D, estos planos son f\u00e1ciles de interpretar con solo ver gr\u00e1ficamente el plano ya sea formato digital o impreso, es una herramienta \u00fatil para el agrado del cliente.<\/p>\n<\/div>\n\t\t<\/div><div id=\"panel-69-0-0-1\" class=\"so-panel widget widget_sow-image\" data-index=\"1\" ><div\n\t\t\t\n\t\t\tclass=\"so-widget-sow-image so-widget-sow-image-default-8b5b6f678277-69\"\n\t\t\t\n\t\t>\n<div class=\"sow-image-container\">\n\t\t<img \n\tdata-src=\"https:\/\/topografiamx.com\/wp-content\/uploads\/2022\/04\/planos-pc.jpeg\" width=\"1140\" height=\"640\" data-srcset=\"https:\/\/topografiamx.com\/wp-content\/uploads\/2022\/04\/planos-pc.jpeg 1140w, https:\/\/topografiamx.com\/wp-content\/uploads\/2022\/04\/planos-pc-300x168.jpeg 300w, https:\/\/topografiamx.com\/wp-content\/uploads\/2022\/04\/planos-pc-1024x575.jpeg 1024w, https:\/\/topografiamx.com\/wp-content\/uploads\/2022\/04\/planos-pc-768x431.jpeg 768w, https:\/\/topografiamx.com\/wp-content\/uploads\/2022\/04\/planos-pc-360x202.jpeg 360w, https:\/\/topografiamx.com\/wp-content\/uploads\/2022\/04\/planos-pc-555x312.jpeg 555w, https:\/\/topografiamx.com\/wp-content\/uploads\/2022\/04\/planos-pc-600x337.jpeg 600w\" data-sizes=\"(max-width: 1140px) 100vw, 1140px\" title=\"planos pc\" alt=\"planos pc\" \t\tclass=\"so-widget-image lazyload\" src=\"data:image\/svg+xml;base64,PHN2ZyB3aWR0aD0iMSIgaGVpZ2h0PSIxIiB4bWxucz0iaHR0cDovL3d3dy53My5vcmcvMjAwMC9zdmciPjwvc3ZnPg==\" style=\"--smush-placeholder-width: 1140px; --smush-placeholder-aspect-ratio: 1140\/640;\" \/>\n\t<\/div>\n\n<\/div><\/div><div id=\"panel-69-0-0-2\" class=\"so-panel widget widget_sow-image panel-last-child\" data-index=\"2\" ><div\n\t\t\t\n\t\t\tclass=\"so-widget-sow-image so-widget-sow-image-default-8b5b6f678277-69\"\n\t\t\t\n\t\t>\n<div class=\"sow-image-container\">\n\t\t<img \n\tdata-src=\"https:\/\/topografiamx.com\/wp-content\/uploads\/2022\/04\/planos-impresos.jpeg\" width=\"1140\" height=\"640\" data-srcset=\"https:\/\/topografiamx.com\/wp-content\/uploads\/2022\/04\/planos-impresos.jpeg 1140w, https:\/\/topografiamx.com\/wp-content\/uploads\/2022\/04\/planos-impresos-300x168.jpeg 300w, https:\/\/topografiamx.com\/wp-content\/uploads\/2022\/04\/planos-impresos-1024x575.jpeg 1024w, https:\/\/topografiamx.com\/wp-content\/uploads\/2022\/04\/planos-impresos-768x431.jpeg 768w, https:\/\/topografiamx.com\/wp-content\/uploads\/2022\/04\/planos-impresos-360x202.jpeg 360w, https:\/\/topografiamx.com\/wp-content\/uploads\/2022\/04\/planos-impresos-555x312.jpeg 555w, https:\/\/topografiamx.com\/wp-content\/uploads\/2022\/04\/planos-impresos-600x337.jpeg 600w\" data-sizes=\"(max-width: 1140px) 100vw, 1140px\" title=\"planos impresos\" alt=\"\" \t\tclass=\"so-widget-image lazyload\" src=\"data:image\/svg+xml;base64,PHN2ZyB3aWR0aD0iMSIgaGVpZ2h0PSIxIiB4bWxucz0iaHR0cDovL3d3dy53My5vcmcvMjAwMC9zdmciPjwvc3ZnPg==\" style=\"--smush-placeholder-width: 1140px; --smush-placeholder-aspect-ratio: 1140\/640;\" \/>\n\t<\/div>\n\n<\/div><\/div><\/div><div id=\"pgc-69-0-1\"  class=\"panel-grid-cell\" ><div id=\"panel-69-0-1-0\" class=\"so-panel widget widget_text panel-first-child\" data-index=\"3\" >\t\t\t<div class=\"textwidget\"><p>Si usted requiere los servicios de mediciones ya sea de casa habitaci\u00f3n para adecuaciones comerciales, local, terreno u oficina, nosotros contamos con experiencia de mas de diez a\u00f1os, utilizando tecnolog\u00eda l\u00e1ser con diferente equipos tales como estaci\u00f3n total, niveles autom\u00e1ticos, con diferentes herramientas de dibujo en formatos digitales e impresos.<\/p>\n<p>Ofrecemos servicios en toda la rep\u00fablica mexicana, entregando en fecha y forma la informaci\u00f3n que usted necesita, nuestro equipo de trabajo cuenta con arquitectos y top\u00f3grafos para la entrega de los planos finales, sustentando nuestros servicios con fotograf\u00edas, fotograf\u00edas 360\u00b0 y v\u00eddeos.<\/p>\n<p>En la entrega de sus planos, ofrecemos el servicio de Nube QR, almacenando los datos de sus planos en nuestros servidores con vigencia de 1 a\u00f1o, este servicio es sin ning\u00fan costo adicional teniendo su informaci\u00f3n a cualquier hora.<\/p>\n<p>Mediante la contrataci\u00f3n de nuestros servicios para representar planos arquitect\u00f3nicos y topograf\u00eda en formato 3D, permitimos que sus clientes comprendan mas f\u00e1cil y r\u00e1pidamente la interpretaci\u00f3n de los planos de una forma diferente.<\/p>\n<\/div>\n\t\t<\/div><div id=\"panel-69-0-1-1\" class=\"so-panel widget widget_text panel-last-child\" data-index=\"4\" ><h3 class=\"widget-title\">Planos topogr\u00e1ficos<\/h3>\t\t\t<div class=\"textwidget\"><p>Realizamos las mediciones en sitio para la representaci\u00f3n gr\u00e1fica en planos topogr\u00e1ficos, recolectando esta informaci\u00f3n hecha en sitio, se procesa los datos en 3D y se presentan en medios digitales o impresos, teniendo como resultado la perfecta representaci\u00f3n de los trabajos obtenidos.<\/p>\n<p>[bctt tweet=\u00bbSabias que la representaci\u00f3n gr\u00e1fica en 3D es m\u00e1s f\u00e1cil de comprender para los clientes?\u00bb]<\/p>\n<\/div>\n\t\t<\/div><\/div><\/div><div id=\"pg-69-1\"  class=\"panel-grid panel-no-style\" ><div id=\"pgc-69-1-0\"  class=\"panel-grid-cell\" ><div id=\"panel-69-1-0-0\" class=\"so-panel widget widget_text panel-first-child panel-last-child\" data-index=\"5\" ><h3 class=\"widget-title\">Algunos de Nuestros Clientes<\/h3>\t\t\t<div class=\"textwidget\">\n\t\t<style>\n\t\t\t#wpls-logo-showcase-slider-1 .wpls-fix-box,\n\t\t\t#wpls-logo-showcase-slider-1 .wpls-fix-box img.wp-post-image{max-height:250px; }\n\t\t<\/style>\n\n\t\t<div class=\"wpls-wrap wpls-logo-showcase-slider-wrp wpls-logo-clearfix wpls-design-1 \" data-conf=\"{&quot;slides_column&quot;:4,&quot;slides_scroll&quot;:1,&quot;dots&quot;:&quot;true&quot;,&quot;arrows&quot;:&quot;true&quot;,&quot;autoplay&quot;:&quot;true&quot;,&quot;autoplay_interval&quot;:3000,&quot;loop&quot;:&quot;true&quot;,&quot;rtl&quot;:&quot;false&quot;,&quot;speed&quot;:800,&quot;center_mode&quot;:&quot;false&quot;,&quot;lazyload&quot;:&quot;&quot;}\">\n\t\t\t<div class=\"wpls-logo-showcase logo_showcase wpls-logo-slider  sliderimage_hide_border \" id=\"wpls-logo-showcase-slider-1\" >\n\t\t\t\t<div class=\"wpls-logo-cnt\">\n\t<div class=\"wpls-fix-box\">\n\t\t\t\t<a href=\"https:\/\/topografiamx.com\/wp-content\/uploads\/2022\/05\/coppel.png\" target=\"_self\">\n\t\t\t<img decoding=\"async\" class=\"wp-post-image lazyload\"  data-src=\"https:\/\/topografiamx.com\/wp-content\/uploads\/2022\/05\/coppel.png\" alt=\"Coppel\" src=\"data:image\/svg+xml;base64,PHN2ZyB3aWR0aD0iMSIgaGVpZ2h0PSIxIiB4bWxucz0iaHR0cDovL3d3dy53My5vcmcvMjAwMC9zdmciPjwvc3ZnPg==\" style=\"--smush-placeholder-width: 300px; --smush-placeholder-aspect-ratio: 300\/300;\" \/>\n\t\t<\/a>\n\t\t\t<\/div>\n\t<\/div><div class=\"wpls-logo-cnt\">\n\t<div class=\"wpls-fix-box\">\n\t\t\t\t<a href=\"https:\/\/topografiamx.com\/wp-content\/uploads\/2022\/05\/luxury.png\" target=\"_self\">\n\t\t\t<img decoding=\"async\" class=\"wp-post-image lazyload\"  data-src=\"https:\/\/topografiamx.com\/wp-content\/uploads\/2022\/05\/luxury.png\" alt=\"Luxury Design\" src=\"data:image\/svg+xml;base64,PHN2ZyB3aWR0aD0iMSIgaGVpZ2h0PSIxIiB4bWxucz0iaHR0cDovL3d3dy53My5vcmcvMjAwMC9zdmciPjwvc3ZnPg==\" style=\"--smush-placeholder-width: 300px; --smush-placeholder-aspect-ratio: 300\/300;\" \/>\n\t\t<\/a>\n\t\t\t<\/div>\n\t<\/div><div class=\"wpls-logo-cnt\">\n\t<div class=\"wpls-fix-box\">\n\t\t\t\t<a href=\"https:\/\/topografiamx.com\/wp-content\/uploads\/2022\/05\/mac.png\" target=\"_self\">\n\t\t\t<img decoding=\"async\" class=\"wp-post-image lazyload\"  data-src=\"https:\/\/topografiamx.com\/wp-content\/uploads\/2022\/05\/mac.png\" alt=\"Mac\" src=\"data:image\/svg+xml;base64,PHN2ZyB3aWR0aD0iMSIgaGVpZ2h0PSIxIiB4bWxucz0iaHR0cDovL3d3dy53My5vcmcvMjAwMC9zdmciPjwvc3ZnPg==\" style=\"--smush-placeholder-width: 300px; --smush-placeholder-aspect-ratio: 300\/300;\" \/>\n\t\t<\/a>\n\t\t\t<\/div>\n\t<\/div><div class=\"wpls-logo-cnt\">\n\t<div class=\"wpls-fix-box\">\n\t\t\t\t<a href=\"https:\/\/topografiamx.com\/wp-content\/uploads\/2022\/05\/michael-kors.png\" target=\"_self\">\n\t\t\t<img decoding=\"async\" class=\"wp-post-image lazyload\"  data-src=\"https:\/\/topografiamx.com\/wp-content\/uploads\/2022\/05\/michael-kors.png\" alt=\"Michael Kors\" src=\"data:image\/svg+xml;base64,PHN2ZyB3aWR0aD0iMSIgaGVpZ2h0PSIxIiB4bWxucz0iaHR0cDovL3d3dy53My5vcmcvMjAwMC9zdmciPjwvc3ZnPg==\" style=\"--smush-placeholder-width: 300px; --smush-placeholder-aspect-ratio: 300\/300;\" \/>\n\t\t<\/a>\n\t\t\t<\/div>\n\t<\/div><div class=\"wpls-logo-cnt\">\n\t<div class=\"wpls-fix-box\">\n\t\t\t\t<a href=\"https:\/\/topografiamx.com\/wp-content\/uploads\/2022\/05\/mont-blanc.png\" target=\"_self\">\n\t\t\t<img decoding=\"async\" class=\"wp-post-image lazyload\"  data-src=\"https:\/\/topografiamx.com\/wp-content\/uploads\/2022\/05\/mont-blanc.png\" alt=\"Mont Blanc\" src=\"data:image\/svg+xml;base64,PHN2ZyB3aWR0aD0iMSIgaGVpZ2h0PSIxIiB4bWxucz0iaHR0cDovL3d3dy53My5vcmcvMjAwMC9zdmciPjwvc3ZnPg==\" style=\"--smush-placeholder-width: 300px; --smush-placeholder-aspect-ratio: 300\/300;\" \/>\n\t\t<\/a>\n\t\t\t<\/div>\n\t<\/div><div class=\"wpls-logo-cnt\">\n\t<div class=\"wpls-fix-box\">\n\t\t\t\t<a href=\"https:\/\/topografiamx.com\/wp-content\/uploads\/2022\/05\/pandora.png\" target=\"_self\">\n\t\t\t<img decoding=\"async\" class=\"wp-post-image lazyload\"  data-src=\"https:\/\/topografiamx.com\/wp-content\/uploads\/2022\/05\/pandora.png\" alt=\"Pandora\" src=\"data:image\/svg+xml;base64,PHN2ZyB3aWR0aD0iMSIgaGVpZ2h0PSIxIiB4bWxucz0iaHR0cDovL3d3dy53My5vcmcvMjAwMC9zdmciPjwvc3ZnPg==\" style=\"--smush-placeholder-width: 300px; --smush-placeholder-aspect-ratio: 300\/300;\" \/>\n\t\t<\/a>\n\t\t\t<\/div>\n\t<\/div><div class=\"wpls-logo-cnt\">\n\t<div class=\"wpls-fix-box\">\n\t\t\t\t<a href=\"https:\/\/topografiamx.com\/wp-content\/uploads\/2022\/05\/salvatore-ferragamo.png\" target=\"_self\">\n\t\t\t<img decoding=\"async\" class=\"wp-post-image lazyload\"  data-src=\"https:\/\/topografiamx.com\/wp-content\/uploads\/2022\/05\/salvatore-ferragamo.png\" alt=\"Salvatore Ferragamo\" src=\"data:image\/svg+xml;base64,PHN2ZyB3aWR0aD0iMSIgaGVpZ2h0PSIxIiB4bWxucz0iaHR0cDovL3d3dy53My5vcmcvMjAwMC9zdmciPjwvc3ZnPg==\" style=\"--smush-placeholder-width: 300px; --smush-placeholder-aspect-ratio: 300\/300;\" \/>\n\t\t<\/a>\n\t\t\t<\/div>\n\t<\/div><div class=\"wpls-logo-cnt\">\n\t<div class=\"wpls-fix-box\">\n\t\t\t\t<a href=\"https:\/\/topografiamx.com\/wp-content\/uploads\/2022\/05\/tous.png\" target=\"_self\">\n\t\t\t<img decoding=\"async\" class=\"wp-post-image lazyload\"  data-src=\"https:\/\/topografiamx.com\/wp-content\/uploads\/2022\/05\/tous.png\" alt=\"Tous\" src=\"data:image\/svg+xml;base64,PHN2ZyB3aWR0aD0iMSIgaGVpZ2h0PSIxIiB4bWxucz0iaHR0cDovL3d3dy53My5vcmcvMjAwMC9zdmciPjwvc3ZnPg==\" style=\"--smush-placeholder-width: 300px; --smush-placeholder-aspect-ratio: 300\/300;\" \/>\n\t\t<\/a>\n\t\t\t<\/div>\n\t<\/div><div class=\"wpls-logo-cnt\">\n\t<div class=\"wpls-fix-box\">\n\t\t\t\t<a href=\"https:\/\/topografiamx.com\/wp-content\/uploads\/2022\/05\/swarovski.png\" target=\"_self\">\n\t\t\t<img decoding=\"async\" class=\"wp-post-image lazyload\"  data-src=\"https:\/\/topografiamx.com\/wp-content\/uploads\/2022\/05\/swarovski.png\" alt=\"Swarovski\" src=\"data:image\/svg+xml;base64,PHN2ZyB3aWR0aD0iMSIgaGVpZ2h0PSIxIiB4bWxucz0iaHR0cDovL3d3dy53My5vcmcvMjAwMC9zdmciPjwvc3ZnPg==\" style=\"--smush-placeholder-width: 300px; --smush-placeholder-aspect-ratio: 300\/300;\" \/>\n\t\t<\/a>\n\t\t\t<\/div>\n\t<\/div><div class=\"wpls-logo-cnt\">\n\t<div class=\"wpls-fix-box\">\n\t\t\t\t<a href=\"https:\/\/topografiamx.com\/wp-content\/uploads\/2022\/05\/ultrafemme.png\" target=\"_self\">\n\t\t\t<img decoding=\"async\" class=\"wp-post-image lazyload\"  data-src=\"https:\/\/topografiamx.com\/wp-content\/uploads\/2022\/05\/ultrafemme.png\" alt=\"Ultrafemme\" src=\"data:image\/svg+xml;base64,PHN2ZyB3aWR0aD0iMSIgaGVpZ2h0PSIxIiB4bWxucz0iaHR0cDovL3d3dy53My5vcmcvMjAwMC9zdmciPjwvc3ZnPg==\" style=\"--smush-placeholder-width: 300px; --smush-placeholder-aspect-ratio: 300\/300;\" \/>\n\t\t<\/a>\n\t\t\t<\/div>\n\t<\/div><div class=\"wpls-logo-cnt\">\n\t<div class=\"wpls-fix-box\">\n\t\t\t\t<a href=\"https:\/\/topografiamx.com\/wp-content\/uploads\/2022\/05\/Ultrajewels.png\" target=\"_self\">\n\t\t\t<img decoding=\"async\" class=\"wp-post-image lazyload\"  data-src=\"https:\/\/topografiamx.com\/wp-content\/uploads\/2022\/05\/Ultrajewels.png\" alt=\"Ultrajewels\" src=\"data:image\/svg+xml;base64,PHN2ZyB3aWR0aD0iMSIgaGVpZ2h0PSIxIiB4bWxucz0iaHR0cDovL3d3dy53My5vcmcvMjAwMC9zdmciPjwvc3ZnPg==\" style=\"--smush-placeholder-width: 300px; --smush-placeholder-aspect-ratio: 300\/300;\" \/>\n\t\t<\/a>\n\t\t\t<\/div>\n\t<\/div>\t\t\t<\/div>\n\t\t<\/div>\n\n\t\t\n<\/div>\n\t\t<\/div><\/div><\/div><\/div>","protected":false},"excerpt":{"rendered":"<p>Si usted requiere los servicios de mediciones ya sea de casa habitaci\u00f3n para adecuaciones comerciales, local, terreno u oficina, nosotros contamos con experiencia de mas de diez a\u00f1os, utilizando tecnolog\u00eda l\u00e1ser con diferente equipos&#8230;<\/p>\n","protected":false},"author":1,"featured_media":2895,"parent":49,"menu_order":0,"comment_status":"closed","ping_status":"closed","template":"","meta":{"_acf_changed":false,"_monsterinsights_skip_tracking":false,"_monsterinsights_sitenote_active":false,"_monsterinsights_sitenote_note":"","_monsterinsights_sitenote_category":0,"footnotes":""},"class_list":["post-69","page","type-page","status-publish","has-post-thumbnail","hentry"],"acf":[],"aioseo_notices":[],"_links":{"self":[{"href":"https:\/\/topografiamx.com\/index.php\/wp-json\/wp\/v2\/pages\/69","targetHints":{"allow":["GET"]}}],"collection":[{"href":"https:\/\/topografiamx.com\/index.php\/wp-json\/wp\/v2\/pages"}],"about":[{"href":"https:\/\/topografiamx.com\/index.php\/wp-json\/wp\/v2\/types\/page"}],"author":[{"embeddable":true,"href":"https:\/\/topografiamx.com\/index.php\/wp-json\/wp\/v2\/users\/1"}],"replies":[{"embeddable":true,"href":"https:\/\/topografiamx.com\/index.php\/wp-json\/wp\/v2\/comments?post=69"}],"version-history":[{"count":23,"href":"https:\/\/topografiamx.com\/index.php\/wp-json\/wp\/v2\/pages\/69\/revisions"}],"predecessor-version":[{"id":3008,"href":"https:\/\/topografiamx.com\/index.php\/wp-json\/wp\/v2\/pages\/69\/revisions\/3008"}],"up":[{"embeddable":true,"href":"https:\/\/topografiamx.com\/index.php\/wp-json\/wp\/v2\/pages\/49"}],"wp:featuredmedia":[{"embeddable":true,"href":"https:\/\/topografiamx.com\/index.php\/wp-json\/wp\/v2\/media\/2895"}],"wp:attachment":[{"href":"https:\/\/topografiamx.com\/index.php\/wp-json\/wp\/v2\/media?parent=69"}],"curies":[{"name":"wp","href":"https:\/\/api.w.org\/{rel}","templated":true}]}}